 449
What are the prime factors of 9792?
2, 3, 17
What are the prime factors of 10341?
3, 383
List the prime factors of 65853.
3, 271
What are the prime factors of 869?
11, 79
List the prime factors of 1330.
2, 5, 7, 19
List the prime factors of 37414.
2, 13, 1439
List the prime factors of 797.
797
List the prime factors of 11715.
3, 5, 11, 71
What are the prime factors of 1170?
2, 3, 5, 13
What are the prime factors of 2559?
3, 853
What are the prime factors of 101385?
3, 5, 751
List the prime factors of 22467.
3, 7489
List the prime factors of 5546.
2, 47, 59
List the prime factors of 1053.
3, 13
What are the prime factors of 21521?
21521
What are the prime factors of 51461?
51461
List the prime factors of 2627.
37, 71
What are the prime factors of 43071?
3, 7, 293
List the prime factors of 31762.
2, 15881
What are the prime factors of 24219?
3, 13, 23
What are the prime factors of 2091?
3, 17, 41
What are the prime factors of 623?
7, 89
What are the prime factors of 423?
3, 47
List the prime factors of 3196.
2, 17, 47
What are the prime factors of 365?
5, 73
What are the prime factors of 5583?
3, 1861
List the prime factors of 3221.
3221
What are the prime factors of 10549?
7, 11, 137
What are the prime factors of 1375?
5, 11
What are the prime factors of 2106?
2, 3, 13
List the prime factors of 32426.
2, 31, 523
List the prime factors of 421.
421
List the prime factors of 12339.
3, 457
List the prime factors of 1523.
1523
List the prime factors of 1512.
2, 3, 7
What are the prime factors of 2028?
2, 3, 13
List the prime factors of 793.
13, 61
What are the prime factors of 110617?
13, 67, 127
What are the prime factors of 91817?
11, 17, 491
What are the prime factors of 18827?
67, 281
What are the prime factors of 1505?
5, 7, 43
List the prime factors of 1211.
7, 173
What are the prime factors of 19147?
41, 467
List the prime factors of 604.
2, 151
List the prime factors of 5876.
2, 13, 113
What are the prime factors of 4898?
2, 31, 79
List the prime factors of 55492.
2, 13873
What are the prime factors of 6850?
2, 5, 137
List the prime factors of 3550.
2, 5, 71
What are the prime factors of 1454?
2, 727
What are the prime factors of 4000?
2, 5
List the prime factors of 6769.
7, 967
What are the prime factors of 1767?
3, 19, 31
List the prime factors of 733.
733
List the prime factors of 19717.
19717
What are the prime factors of 2346?
2, 3, 17, 23
What are the prime factors of 25982?
2, 11, 1181
What are the prime factors of 21748?
2, 5437
List the prime factors of 30444.
2, 3, 43, 59
What are the prime factors of 1124?
2, 281
List the prime factors of 28693.
7, 4099
What are the prime factors of 4233?
3, 17, 83
List the prime factors of 740.
2, 5, 37
List the prime factors of 3971.
11, 19
What are the prime factors of 4254?
2, 3, 709
What are the prime factors of 1782?
2, 3, 11
What are the prime factors of 1209?
3, 13, 31
What are the prime factors of 47562?
2, 3, 7927
List the prime factors of 34728.
2, 3, 1447
List the prime factors of 1435.
5, 7, 41
What are the prime factors of 960?
2, 3, 5
List the prime factors of 55825.
5, 7, 11, 29
What are the prime factors of 1985?
5, 397
List the prime factors of 5044.
2, 13, 97
What are the prime factors of 43053?
3, 113, 127
What are the prime factors of 1720?
2, 5, 43
List the prime factors of 37114.
2, 7, 11, 241
List the prime factors of 288.
2, 3
List the prime factors of 1933.
1933
What are the prime factors of 122305?
5, 61, 401
What are the prime factors of 259?
7, 37
What are the prime factors of 87665?
5, 89, 197
What are the prime factors of 5230?
2, 5, 523
List the prime factors of 2269.
2269
What are the prime factors of 25119?
3, 2791
What are the prime factors of 436?
2, 109
List the prime factors of 8508.
2, 3, 709
What are the prime factors of 4283?
4283
What are the prime factors of 2429?
7, 347
List the prime factors of 7886.
2, 3943
What are the prime factors of 12732?
2, 3, 1061
What are the prime factors of 3152?
2, 197
What are the prime factors of 1574?
2, 787
List the prime factors of 1512.
2, 3, 7
What are the prime factors of 2659?
2659
What are the prime factors of 3783?
3, 13, 97
List the prime factors of 32483.
11, 2953
What are the prime factors of 20900?
2, 5, 11, 19
List the prime factors of 953.
953
List the prime factors of 478.
2, 239
List the prime factors of 28148.
2, 31, 227
What are the prime factors of 9233?
7, 1319
What are the prime factors of 29993?
89, 337
What are the prime factors of 4201?
4201
What are the prime factors of 4731?
3, 19, 83
What are the prime factors of 30979?
13, 2383
What are the prime factors of 1474?
2, 11, 67
What are the prime factors of 12360?
2, 3, 5, 103
List the prime factors of 47759.
163, 293
What are the prime factors of 6671?
7, 953
List the prime factors of 2304.
2, 3
List the prime factors of 3235.
5, 647
List the prime factors of 31614.
2, 3, 11, 479
List the prime factors of 12017.
61, 197
List the prime factors of 1358.
2, 7, 97
What are the prime factors of 9118?
2, 47, 97
List the prime factors of 1358.
2, 7, 97
What are the prime factors of 19251?
3, 23, 31
List the prime factors of 3077.
17, 181
What are the prime factors of 1446?
2, 3, 241
What are the prime factors of 673?
673
What are the prime factors of 11130?
2, 3, 5, 7, 53
What are the prime factors of 64542?
2, 3, 31, 347
What are the prime factors of 1916?
2, 479
List the prime factors of 132172.
2, 173, 191
What are the prime factors of 15364?
2, 23, 167
List the prime factors of 3136.
2, 7
List the prime factors of 20682.
2, 3, 383
What are the prime factors of 2161?
2161
What are the prime factors of 96119?
277, 347
What are the prime factors of 1981?
7, 283
What are the prime factors of 66342?
2, 3, 11057
What are the prime factors of 1462?
2, 17, 43
List the prime factors of 549.
3, 61
List the prime factors of 3539.
3539
What are the prime factors of 7276?
2, 17, 107
What are the prime factors of 158?
2, 79
List the prime factors of 708.
2, 3, 59
What are the prime factors of 18494?
2, 7, 1321
What are the prime factors of 24490?
2, 5, 31, 79
List the prime factors of 173704.
2, 21713
List the prime factors of 121.
11
What are the prime factors of 4035?
3, 5, 269
List the prime factors of 9540.
2, 3, 5, 53
List the prime factors of 9742.
2, 4871
List the prime factors of 24050.
2, 5, 13, 37
What are the prime factors of 3315?
3, 5, 13, 17
What are the prime factors of 16479?
3, 1831
What are the prime factors of 46?
2, 23
What are the prime factors of 2903?
2903
List the prime factors of 4467.
3, 1489
What are the prime factors of 38314?
2, 19157
What are the prime factors of 490?
2, 5, 7
List the prime factors of 9582.
2, 3, 1597
List the prime factors of 24101.
7, 11, 313
List the prime factors of 7630.
2, 5, 7, 109
List the prime factors of 2338.
2, 7, 167
What are the prime factors of 116454?
2, 3, 13, 1493
What are the prime factors of 51204?
2, 3, 17, 251
List the prime factors of 13592.
2, 1699
What are the prime factors of 73832?
2, 11, 839
What are the prime factors of 34420?
2, 5, 1721
What are the prime factors of 353?
353
List the prime factors of 7750.
2, 5, 31
What are the prime factors of 953?
953
List the prime factors of 9025.
5, 19
List the prime factors of 923.
13, 71
List the prime factors of 3056.
2, 191
What are the prime factors of 64210?
2, 5, 6421
What are the prime factors of 197?
197
List the prime factors of 8461.
8461
What are the prime factors of 26850?
2, 3, 5, 179
What are the prime factors of 42184?
2, 5273
What are the prime factors of 43143?
3, 73, 197
What are the prime factors of 23435?
5, 43, 109
What are the prime factors of 38?
2, 19
What are the prime factors of 11974?
2, 5987
List the prime factors of 43344.
2, 3, 7, 43
List the prime factors of 825.
3, 5, 11
What are the prime factors of 5625?
3, 5
What are the prime factors of 8474?
2, 19, 223
What are the prime factors of 16605?
3, 5, 41
What are the prime factors of 217?
7, 31
What are the prime factors of 7413?
3, 7, 353
List the prime factors of 25.
5
What are the prime factors of 5277?
3, 1759
What are the prime factors of 3757?
13, 17
List the prime factors of 1269.
3, 47
List the prime factors of 643.
643
What are the prime factors of 455